-6). What is the units digit of (1/((-2)/(-54)))/r?
7
Let x(t) = 83*t**2 - 4*t - 3. Let g be x(-2). Let r = g + -191. What is the hundreds digit of r?
1
Let y(a) = -a**3 + 13*a**2 - a + 33. What is the hundreds digit of y(11)?
2
Let t = -62 + 64. Let p(o) = o**2 - o + 2. Let c be p(2). Suppose -t*y + 74 = s, -c*y + 2*s + 162 = -3*s. What is the units digit of y?
8
Suppose g - 5*g + 20 = 0. What is the tens digit of g/((-20)/(-172)) + -2?
4
Let d(i) = 2*i**2 - 2*i - 4. Let k(z) = -z**2 + 11*z + 15. Let x be k(12). Suppose 0 = -g - x. What is the units digit of d(g)?
0
Let g(w) = -w + 16. Let j be g(-13). Let r = 34 - j. Suppose 3*d - 2*s = 22, 3 = r*d - 2*s - 27. What is the units digit of d?
4
Let f = -1 - -6. Let y = 13 + -8. Suppose y*k + 120 = f*r, 5*r + 3*k - 68 = 3*r. What is the tens digit of r?
2
What is the units digit of 1/2 - (-15300)/40?
3
Let i = -323 + 326. What is the units digit of i?
3
Let h(g) = 188*g + 254. What is the tens digit of h(7)?
7
Suppose -2*s = -2*o + 58, -s - 45 = -6*o + o. What is the tens digit of (-2 - 3060/s)*(-5)/(-2)?
0
Let h(j) = -j**2 + 7*j - 11. Let k be h(6). Let i = k - -12. What is the units digit of i?
7
Let i(s) = 25*s**3 - s + 1. Suppose 2*k = 7*k - 5. What is the tens digit of i(k)?
2
Let f be ((-6)/4)/(18/(-24)). Suppose -5*g = -2*v - 1038, -f*v = 2*g + g - 610. What is the tens digit of g?
0
Let m(t) = -t**3 - 5*t**2 + t - 11. Suppose 7*q - 3*q + 28 = 0. What is the tens digit of m(q)?
8
Let j(r) = 3*r - 1. Let s be j(1). Let c be 736/160 + (-1)/((-10)/4). Suppose -i + c*p + 25 = 0, 0 = -p - 5 + s. What is the tens digit of i?
1
Let c(x) be the second derivative of -x**4/12 + 7*x**3/2 + 13*x**2/2 - 5*x. Let l be c(9). Let p = l - 73. What is the units digit of p?
8
Let z be (-5 + 8)/(-3) - -8. Let x(n) = 8*n + 17. What is the tens digit of x(z)?
7
Let v = -15 + 20. Suppose 4*w + v*o = -17, -4*w + 3 = -2*o + 3*o. Suppose -g - 2*z = w*g - 56, -12 = -2*g + 5*z. What is the tens digit of g?
1
Suppose 21*u = 14*u + 21. Suppose 0 = 4*a - u*f - 264, 0 = -5*a + 8*f - 3*f + 335. What is the units digit of a?
3
What is the thousands digit of 0 + 1 - 27/(-9)*404?
1
Let w be 3/(6/2) - -12. Let j = w - 4. What is the units digit of ((-28)/3)/((-3)/j)?
8
Let u = 5927 + -2986. What is the tens digit of u?
4
What is the units digit of (1424/(-89))/(2/(-172))?
6
Let x(q) = q**3 + 20*q**2 - 41*q + 29. What is the units digit of x(-21)?
9
Suppose -28 - 116 = -6*j. Suppose j = 10*g + 2*g. What is the units digit of g?
2
Suppose 115*l = 122*l - 6636. What is the tens digit of l?
4
Let j = -23 - -29. Let q = -14 - -6. What is the units digit of q/j*(-63)/6?
4
Let q = 99 - 94. Suppose 0 = -4*z - 16, -7 - q = -2*t + z. What is the units digit of t?
4
Suppose -h = -2, -h = -5*x + 396 + 1467. What is the tens digit of x?
7
Suppose 5*u - 170 = -5*s, 0 = 2*s + 3*u - 7*u - 86. Suppose 212 = s*i - 33*i. What is the tens digit of i?
5
Suppose 0*h = 4*l + h - 11, -3*h = -9. Suppose 4*j + 83 = -3*q - 87, -l*j + 50 = -q. Let p = -29 - q. What is the tens digit of p?
2
Let t(c) = 3*c**3 - 6*c**2 - 4*c + 3. What is the hundreds digit of t(5)?
2
Let v(r) = 10*r - 5. Let y be v(4). Suppose m - y = -3*m + 5*i, 4*m - 5 = -5*i. What is the units digit of m?
5
Let k(j) = 3 + 22*j**2 + 44*j**2 - 2*j + j + 4*j. What is the units digit of k(-1)?
6
Suppose -5*n + 3013 = 3*p - 0*n, -4056 = -4*p + 3*n. What is the thousands digit of p?
1
Suppose 0 = -12*d + 74 - 338. Let y = 44 - d. What is the units digit of y?
6
Suppose 0 = -11*i + 66 - 22. What is the tens digit of (60 - 6/(-3))/(i/6)?
9
Let t = 569 + -453. What is the hundreds digit of t?
1
Let b(c) = c**2 + 6*c + 7. Suppose 14*m + 14 = 12*m. Let o be b(m). Suppose 3*g = o + 13. What is the units digit of g?
9
Let z be 264*9/(-12)*(-48)/27. Let a = 535 - z. What is the tens digit of a?
8
Let l(u) = -u**3 + 8*u**2 - 7*u - 2. Let b be l(7). What is the units digit of (b + -1)*(-29)/3?
9
Let l be (20/(-12))/(4/(-12)). Suppose 4*h + 456 = 5*q + h, 0 = l*h + 10. What is the tens digit of q?
9
Let z = -868 - -1350. Let u = z - 273. What is the units digit of u?
9
Let w = 27 + -7. What is the units digit of (0 - 1) + w + -1?
8
Let k = -175 - -168. Let i(b) = -2*b - 1. Let v(z) = z + 1. Let a(o) = -i(o) - 5*v(o). What is the units digit of a(k)?
7
Suppose -t + 2*w = 11, -t - 53 = 2*t + 4*w. Let a = -3 - t. Suppose 6 + a = 2*d. What is the units digit of d?
9
Let n = -3 - -3. Let v be 3/(n - 3) + 3. Suppose 5*r = 0, 0*q + r + 22 = v*q. What is the tens digit of q?
1
Let u be (-8)/(-6)*21*1. Let j be (-6)/(-10) + 77/5. Suppose 0 = 4*n - j - u. What is the tens digit of n?
1
Let c(d) = -3*d + 12. Let l be c(6). Let b(m) = -3*m + 10. What is the units digit of b(l)?
8
Let d = -15 - -11. Let s be d*(-3)/18*-3. Let p = 25 - s. What is the units digit of p?
7
Suppose 0 = -3*w + 246 + 438. Suppose 92 = 5*b - w. What is the units digit of b?
4
Suppose -4*b = -8, -4*b - 1 + 3 = 3*n. Let a be n/4*(3 + -5). Let j(z) = 44*z + 2. What is the units digit of j(a)?
6
Let k(d) = -d**2 + 5*d - 3. Let x be k(3). Let m = 22 + 73. Suppose -l - 3*n = -19, -2*l - x*l + 5*n = -m. What is the units digit of l?
9
Suppose 2*k = -34 - 70. What is the units digit of k*(0 + (-2)/4*4)?
4
Let k = 43 - 43. Suppose 2*r + 2*h - 202 = -2*r, 2*r - 2*h - 92 = k. What is the tens digit of r?
4
Let m be 1/27*6 - (-50)/18. Suppose -m*y + 1 = 4, -582 = -4*p - 2*y. What is the tens digit of p?
4
Let w = 6736 - 10905. What is the units digit of 1/(-3) - w/33?
6
Let g(d) = -2*d**2 - 55*d - 83. What is the tens digit of g(-25)?
4
Let t be (-3)/(-2)*20/15. Let o(h) = 11*h**3 + 3*h**2 - 4*h + 2. What is the tens digit of o(t)?
9
Let q = 693 - -234. What is the hundreds digit of q?
9
Let b be (-2 + 2 + 0)/(-2). Suppose 2*y - 128 = -3*g, b = 3*g - y + 6*y - 140. Suppose 5*n = 5*c - g, -n - 1 = 4*c - 23. What is the units digit of c?
6
Suppose -2*v = -60 - 954. What is the hundreds digit of v?
5
Let o(j) = 93*j - 12. Let h be o(5). Let z = h + -223. What is the hundreds digit of z?
2
Let l(r) = r**3 + 6*r**2 - 5*r + 14. Let t be l(-7). Suppose t = 4*g + 2*n - 136, 3*n = -3 - 9. What is the units digit of g?
6
Let c(q) be the second derivative of -21*q**3/2 + 3*q**2 - 19*q. What is the hundreds digit of c(-2)?
1
Let j(q) = 135*q + 9. What is the hundreds digit of j(3)?
4
What is the tens digit of (-4)/(-64)*4 + 12335/20?
1
Suppose 381*i + 21272 = 389*i. What is the tens digit of i?
5
Let f(r) = 5*r**3 - 2*r + 2. Let y be f(1). Suppose -5*u - y*h + 245 = 0, 2*u + u - 4*h = 154. What is the tens digit of u?
5
Let d(h) = 2*h**2 - 9*h + 6. Let o be d(4). Suppose -o*i + 94 = 18. What is the units digit of i?
8
Suppose -3*l - 3*s - 117 = 0, 3*s - 138 - 46 = 4*l. Let u = 119 + l. What is the tens digit of u?
7
Suppose 4*g - 731 + 255 = 0. Suppose d - 255 = -2*d. Suppose -g = -4*u + d. What is the units digit of u?
1
Let z(p) = -p + 10. Let j be z(8). Suppose -3*x + 1 = 4*q, 8 = -5*q + j*q - 4*x. Suppose -q*g + 101 = -39. What is the units digit of g?
5
Let r(h) = -2*h + 5. Let x = 11 - 3. Let d be r(x). Let f = -9 - d. What is the units digit of f?
2
Let a(y) = y**2 - 9*y - 9. Let f be a(20). Suppose 3*g + f - 1027 = 0. What is the hundreds digit of g?
2
Suppose 0 = 5629*b - 5616*b - 14703. What is the thousands digit of b?
1
Let s = 724 + -313. What is the hundreds digit of s?
4
Let n(b) = b**2 + 5*b + 5. Let c(t) = t**2 + 6*t + 6. Suppose 4*o - 14 = -2*a + 5*o, -5*o = 20. Let y(r) = a*n(r) - 6*c(r). What is the units digit of y(-8)?
3
Suppose 0 = 8*s + 22*s - 11160. What is the units digit of s?
2
Suppose 5*v - 327 = 233. Suppose 6*b - 7*b = -v. What is the tens digit of b?
1
Let j(t) be the first derivative of t**3/3 - t**2 + 121*t + 35. What is the units digit of j(0)?
1
Suppose 0 = 73*u - 21958 - 140175. What is the hundreds digit of u?
2
Let u(a) = -3*a + 31. Let l(g) = -g + 16. Let k(r) = -5*l(r) + 3*u(r). Suppose -4*x + 0*x + 2*d = 20, 3*x = 2*d - 15. What is the tens digit of k(x)?
3
Let l(d) be the second derivative of -d**3 - 17*d**2/2 + 9*d + 2. What is the units digit of l(-9)?
7
Let z = -27 - -32. Suppose 0 = 6*q - z*q - 237. What is the units digit of q?
7
Let d(o) = -3*o - 12. Let l = -35 - -28. What is the units digit of d(l)?
9
Let v